{"id":2,"date":"2016-09-02T14:35:11","date_gmt":"2016-09-02T14:35:11","guid":{"rendered":"http:\/\/videodance.com.br\/?page_id=2"},"modified":"2023-02-13T19:24:25","modified_gmt":"2023-02-13T19:24:25","slug":"sample-page","status":"publish","type":"page","link":"https:\/\/videodance.com.br\/?page_id=2","title":{"rendered":"Festival"},"content":{"rendered":"<p><img loading=\"lazy\" decoding=\"async\" class=\"size-medium wp-image-23 aligncenter\" src=\"http:\/\/videodance.com.br\/wp-content\/uploads\/2016\/09\/logo2-300x64.png\" alt=\"logo2\" width=\"300\" height=\"64\" srcset=\"https:\/\/videodance.com.br\/wp-content\/uploads\/2016\/09\/logo2-300x64.png 300w, https:\/\/videodance.com.br\/wp-content\/uploads\/2016\/09\/logo2.png 400w\" sizes=\"(max-width: 300px) 100vw, 300px\" \/><\/p>\n<p>O Festival Videodance objetiva o crescimento desta modalidade atrav\u00e9s da promo\u00e7\u00e3o e divulga\u00e7\u00e3o de conte\u00fado em videodan\u00e7a. Desenvolvido de forma inovadora, totalmente online, desde a inscri\u00e7\u00e3o at\u00e9 a premia\u00e7\u00e3o, o festival proporciona ao p\u00fablico a assistir incr\u00edveis produ\u00e7\u00f5es art\u00edsticas de qualquer lugar no mundo. \u00c9 uma ferramenta desenvolvida com a inten\u00e7\u00e3o de mostrar ao p\u00fablico as diferentes possibilidades que a uni\u00e3o entre o cinema e a dan\u00e7a s\u00e3o capazes de proporcionar.<\/p>\n<p><strong>Conhe\u00e7a nosso hist\u00f3rico:<\/strong><\/p>\n<ul>\n<li>A 1\u00aa edi\u00e7\u00e3o do Festival foi realizado em janeiro de 2017 e teve um total de 30 v\u00eddeos selecionados, com inscri\u00e7\u00f5es do Brasil, Holanda e Espanha e um alcance aproximado de 10 mil visualiza\u00e7\u00f5es.<\/li>\n<li>A 2\u00aa edi\u00e7\u00e3o do Festival foi realizado em janeiro de 2018 e teve um total de 34 v\u00eddeos selecionados, com inscri\u00e7\u00f5es do Brasil, Holanda, Fran\u00e7a e Espanha e um alcance aproximado de 70 mil visualiza\u00e7\u00f5es.<\/li>\n<li>A 3\u00aa edi\u00e7\u00e3o do Festival foi realizado em janeiro de 2019 e teve um total de 20 v\u00eddeos selecionados, com inscri\u00e7\u00f5es do Brasil, Fran\u00e7a, Espanha, \u00c1ustria, It\u00e1lia, Argentina, Holanda e M\u00e9xico e um alcance aproximado de 80 mil visualiza\u00e7\u00f5es.<\/li>\n<li>4\u00aa edi\u00e7\u00e3o do Festival foi realizado em janeiro de 2020 e contou com 2 (duas) categorias. Recebeu inscri\u00e7\u00f5es de nove pa\u00edses: \u00c1frica do Sul, Argentina, Brasil, Chile, Espanha, Fran\u00e7a, Holanda, Reino Unido e R\u00fassia, com 41 v\u00eddeos selecionados, 26 profissionais e 15 amadores. Neste ano o alcance foi aproximadamente de 120 mil visualiza\u00e7\u00f5es.<\/li>\n<li>Em 2021 a 5\u00aa edi\u00e7\u00e3o do Festival contou com 3 (tr\u00eas) categorias num total de 102 trabalhos selecionados, com a participa\u00e7\u00e3o de 19 pa\u00edses: Argentina, Bielorr\u00fassia, Brasil, Canad\u00e1, Dinamarca, Esc\u00f3cia, Espanha, Estados Unidos, Finl\u00e2ndia, Gr\u00e9cia, Holanda, Indon\u00e9sia, Inglaterra, It\u00e1lia, M\u00e9xico, Portugal, R\u00fassia, Taiwan e Venezuela. Todo o evento alcan\u00e7ou um total de\u00a0400 mil visualiza\u00e7\u00f5es.<\/li>\n<li>Em 2022 a 6\u00aa edi\u00e7\u00e3o do Festival contou com 3 (tr\u00eas) categorias num total de 83 trabalhos selecionados, com a participa\u00e7\u00e3o de 17 pa\u00edses: Alemanha, Argentina, \u00c1ustria, Bielorr\u00fassia, Brasil, Canad\u00e1, Chile, Col\u00f4mbia, Equador, Espanha, EUA, Gr\u00e9cia, Indon\u00e9sia, Mo\u00e7ambique, Peru, Portugal e Reino Unido. Todo o evento alcan\u00e7ou um total de 450 mil visualiza\u00e7\u00f5es.<br \/>\n<hr \/>\n<\/li>\n<\/ul>\n<div class=\"kvgmc6g5 cxmmr5t8 oygrvhab hcukyx3x c1et5uql\">\n<blockquote>\n<div dir=\"auto\">Em 2021 comemoramos os 5 anos do Festival VideoDance! Com grande satisfa\u00e7\u00e3o mostramos no v\u00eddeo abaixo uma parte da nossa trajet\u00f3ria deste projeto que \u00e9 totalmente independente!<\/div>\n<\/blockquote>\n<\/div>\n<div dir=\"auto\"><\/div>\n<div dir=\"auto\">\n<p><iframe loading=\"lazy\" title=\"Festival VideoDance 5 anos\" width=\"1170\" height=\"658\" src=\"https:\/\/www.youtube.com\/embed\/4kLsTKCroRA?feature=oembed\" frameborder=\"0\" allow=\"accelerometer; autoplay; clipboard-write; encrypted-media; gyroscope; picture-in-picture; web-share\" allowfullscreen><\/iframe><\/p>\n<\/div>\n<div dir=\"auto\"><\/div>\n<div class=\"o9v6fnle cxmmr5t8 oygrvhab hcukyx3x c1et5uql\">\n<div dir=\"auto\">Confira os desafios de cada fase do festival nestes primeiros 5 anos:<\/div>\n<div dir=\"auto\"><span class=\"pq6dq46d tbxw36s4 knj5qynh kvgmc6g5 ditlmg2l oygrvhab nvdbi5me sf5mxxl7 gl3lb2sf hhz5lgdu\"><img loading=\"lazy\" decoding=\"async\" src=\"https:\/\/static.xx.fbcdn.net\/images\/emoji.php\/v9\/tba\/1.5\/16\/2705.png\" alt=\"&#x2705;\" width=\"16\" height=\"16\" \/><\/span>\u00a02016 &#8211; inovar o formato e a execu\u00e7\u00e3o de um festival online<\/div>\n<div dir=\"auto\"><span class=\"pq6dq46d tbxw36s4 knj5qynh kvgmc6g5 ditlmg2l oygrvhab nvdbi5me sf5mxxl7 gl3lb2sf hhz5lgdu\"><img loading=\"lazy\" decoding=\"async\" src=\"https:\/\/static.xx.fbcdn.net\/images\/emoji.php\/v9\/tba\/1.5\/16\/2705.png\" alt=\"&#x2705;\" width=\"16\" height=\"16\" \/><\/span>\u00a02017 &#8211; transpor as barreiras do habitual na primeira edi\u00e7\u00e3o<\/div>\n<div dir=\"auto\"><span class=\"pq6dq46d tbxw36s4 knj5qynh kvgmc6g5 ditlmg2l oygrvhab nvdbi5me sf5mxxl7 gl3lb2sf hhz5lgdu\"><img loading=\"lazy\" decoding=\"async\" src=\"https:\/\/static.xx.fbcdn.net\/images\/emoji.php\/v9\/tba\/1.5\/16\/2705.png\" alt=\"&#x2705;\" width=\"16\" height=\"16\" \/><\/span>\u00a02018 &#8211; sugerir novas ideias para continuar inovando<\/div>\n<div dir=\"auto\"><span class=\"pq6dq46d tbxw36s4 knj5qynh kvgmc6g5 ditlmg2l oygrvhab nvdbi5me sf5mxxl7 gl3lb2sf hhz5lgdu\"><img loading=\"lazy\" decoding=\"async\" src=\"https:\/\/static.xx.fbcdn.net\/images\/emoji.php\/v9\/tba\/1.5\/16\/2705.png\" alt=\"&#x2705;\" width=\"16\" height=\"16\" \/><\/span>\u00a02019 &#8211; gerar uma transforma\u00e7\u00e3o e alcan\u00e7ar novos artistas<\/div>\n<div dir=\"auto\"><span class=\"pq6dq46d tbxw36s4 knj5qynh kvgmc6g5 ditlmg2l oygrvhab nvdbi5me sf5mxxl7 gl3lb2sf hhz5lgdu\"><img loading=\"lazy\" decoding=\"async\" src=\"https:\/\/static.xx.fbcdn.net\/images\/emoji.php\/v9\/tba\/1.5\/16\/2705.png\" alt=\"&#x2705;\" width=\"16\" height=\"16\" \/><\/span>\u00a02020 &#8211; interagir e colaborar em busca de novos caminhos para superar as quebras de paradigmas e a crise mundial<\/div>\n<div dir=\"auto\"><\/div>\n<\/div>\n<div class=\"o9v6fnle cxmmr5t8 oygrvhab hcukyx3x c1et5uql\">\n<div dir=\"auto\">Continuaremos juntos nesta caminhada!\u00a0\u00a0A semente que plantamos em 2017 continuar\u00e1 a crescer a cada ano. Conte conosco para redescobrir novos caminhos, novos come\u00e7os e novos sonhos. Esperamos voc\u00ea nas pr\u00f3ximas edi\u00e7\u00f5es!<\/div>\n<\/div>\n<div dir=\"auto\">\n<hr \/>\n<\/div>\n<div class=\"o9v6fnle cxmmr5t8 oygrvhab hcukyx3x c1et5uql\"><\/div>\n<p style=\"text-align: center;\"><a href=\"http:\/\/videodance.com.br\/videodance\/index.php?action=usuario\"><strong>FAZER MINHA INSCRI\u00c7\u00c3O<\/strong><\/a><\/p>\n<p style=\"text-align: center;\"><a href=\"http:\/\/videodance.com.br\/?page_id=9\"><strong>LEIA O REGULAMENTO<\/strong><\/a><\/p>\n<p style=\"text-align: center;\"><a href=\"http:\/\/videodance.com.br\/?page_id=64\"><strong>CONHE\u00c7A OS JURADOS<\/strong><\/a><\/p>\n","protected":false},"excerpt":{"rendered":"<p>O Festival Videodance objetiva o crescimento desta modalidade atrav\u00e9s da promo\u00e7\u00e3o e divulga\u00e7\u00e3o de conte\u00fado em videodan\u00e7a. Desenvolvido de forma inovadora, totalmente [&hellip;]<\/p>\n","protected":false},"author":1,"featured_media":0,"parent":0,"menu_order":0,"comment_status":"closed","ping_status":"open","template":"","meta":{"_exactmetrics_skip_tracking":false,"_exactmetrics_sitenote_active":false,"_exactmetrics_sitenote_note":"","_exactmetrics_sitenote_category":0,"_monsterinsights_skip_tracking":false,"_monsterinsights_sitenote_active":false,"_monsterinsights_sitenote_note":"","_monsterinsights_sitenote_category":0,"footnotes":""},"class_list":["post-2","page","type-page","status-publish","hentry"],"aioseo_notices":[],"_links":{"self":[{"href":"https:\/\/videodance.com.br\/index.php?rest_route=\/wp\/v2\/pages\/2"}],"collection":[{"href":"https:\/\/videodance.com.br\/index.php?rest_route=\/wp\/v2\/pages"}],"about":[{"href":"https:\/\/videodance.com.br\/index.php?rest_route=\/wp\/v2\/types\/page"}],"author":[{"embeddable":true,"href":"https:\/\/videodance.com.br\/index.php?rest_route=\/wp\/v2\/users\/1"}],"replies":[{"embeddable":true,"href":"https:\/\/videodance.com.br\/index.php?rest_route=%2Fwp%2Fv2%2Fcomments&post=2"}],"version-history":[{"count":21,"href":"https:\/\/videodance.com.br\/index.php?rest_route=\/wp\/v2\/pages\/2\/revisions"}],"predecessor-version":[{"id":701,"href":"https:\/\/videodance.com.br\/index.php?rest_route=\/wp\/v2\/pages\/2\/revisions\/701"}],"wp:attachment":[{"href":"https:\/\/videodance.com.br\/index.php?rest_route=%2Fwp%2Fv2%2Fmedia&parent=2"}],"curies":[{"name":"wp","href":"https:\/\/api.w.org\/{rel}","templated":true}]}}